isor of 43009495 and 13560?
565
Calculate the highest common factor of 963080 and 88.
8
What is the highest common divisor of 1764 and 2324448?
252
What is the highest common divisor of 794 and 968939638?
794
What is the highest common divisor of 26922038 and 99?
11
What is the greatest common divisor of 32400853 and 118?
59
What is the highest common divisor of 633 and 28640507?
211
What is the greatest common factor of 560 and 1197910?
70
What is the highest common factor of 15609 and 9699?
3
What is the highest common factor of 9624404 and 8583?
2861
Calculate the highest common factor of 10 and 3014624.
2
Calculate the highest common factor of 76 and 312376682.
38
What is the highest common divisor of 4759544 and 622?
622
What is the greatest common factor of 2482761 and 10797?
183
What is the highest common divisor of 16949 and 10804489?
997
Calculate the highest common factor of 63288 and 156155229.
7911
Calculate the greatest common divisor of 256 and 856824.
8
Calculate the greatest common divisor of 1910199 and 2664.
111
Calculate the highest common divisor of 17545 and 2285690.
605
What is the highest common divisor of 1932 and 191328?
12
What is the highest common divisor of 60 and 493029105?
15
Calculate the greatest common factor of 18979102 and 1256.
314
Calculate the greatest common divisor of 76071 and 5514.
3
Calculate the greatest common divisor of 10515450 and 4725.
75
Calculate the highest common factor of 13824 and 954137088.
4608
What is the highest common factor of 103132666 and 112?
14
Calculate the highest common divisor of 19086466 and 812.
406
Calculate the greatest common divisor of 82794995 and 61.
61
What is the highest common divisor of 3999320 and 728?
104
What is the highest common divisor of 307578 and 233?
1
Calculate the highest common factor of 212 and 498571.
53
Calculate the highest common divisor of 128037 and 4047537.
2613
Calculate the greatest common factor of 46970 and 497420.
770
Calculate the highest common factor of 405 and 14482395.
405
Calculate the highest common factor of 5821702 and 1833.
47
Calculate the greatest common factor of 1507221 and 2727.
27
What is the greatest common factor of 43765218 and 7434?
126
Calculate the greatest common factor of 846 and 526518.
18
Calculate the greatest common factor of 30379746 and 228.
114
What is the highest common factor of 20937 and 731798?
997
Calculate the highest common factor of 200092760 and 1120.
280
Calculate the highest common factor of 147665056 and 6944.
224
What is the greatest common divisor of 1713748 and 12848?
292
Calculate the greatest common divisor of 266 and 6190674.
14
What is the highest common factor of 12406924 and 1444?
76
What is the greatest common factor of 21334236 and 165?
33
What is the greatest common divisor of 188686026 and 2232?
558
Calculate the highest common factor of 1279584669 and 473.
473
What is the greatest common factor of 1773 and 11498299?
197
What is the greatest common divisor of 2933440 and 1062960?
8240
What is the highest common divisor of 305084 and 61620?
52
Calculate the greatest common factor of 2900 and 1307620.
20
What is the greatest common factor of 16717752 and 432?
216
What is the highest common factor of 836 and 497471414?
418
What is the highest common factor of 418775306 and 69?
23
What is the greatest common factor of 708 and 38350?
118
What is the highest common divisor of 16543128 and 7434?
2478
Calculate the highest common factor of 39072 and 2928032.
1184
Calculate the highest common divisor of 8759 and 47690.
19
What is the highest common factor of 143 and 24747613?
11
What is the greatest common factor of 6075 and 12467925?
2025
Calculate the greatest common factor of 176355905 and 165.
55
What is the highest common divisor of 303888 and 1313?
13
What is the highest common divisor of 320088 and 18?
6
What is the highest common divisor of 8187193 and 9947?
203
Calculate the highest common factor of 507 and 56177121.
507
What is the greatest common factor of 1657030 and 6010?
10
Calculate the greatest common factor of 2208 and 1273809.
69
What is the highest common factor of 1925 and 6619550?
175
What is the highest common divisor of 6929839 and 1267?
7
What is the highest common factor of 336042 and 9582?
6
Calculate the greatest common factor of 181598 and 23719042.
5858
Calculate the greatest common divisor of 150917 and 56541.
47
What is the greatest common divisor of 160632 and 10971?
207
What is the greatest common factor of 750 and 16735750?
250
Calculate the highest common divisor of 135961097 and 93136.
5821
Calculate the greatest common divisor of 27614406 and 7281.
2427
Calculate the greatest common divisor of 1625363 and 164.
41
Calculate the greatest common factor of 49 and 3023272.
7
What is the highest common divisor of 78123 and 21?
3
What is the highest common factor of 9065 and 864815?
35
Calculate the highest common factor of 34383 and 262818.
471
What is the greatest common factor of 57854496 and 16?
16
Calculate the highest common divisor of 36649645 and 3165.
1055
Calculate the greatest common factor of 5699 and 252563.
139
Calculate the highest common divisor of 83198 and 538934.
34
What is the greatest common factor of 1112 and 136784?
8
What is the greatest common factor of 1254 and 103323?
33
What is the greatest common factor of 234 and 21718827?
117
Calculate the greatest common divisor of 6 and 106257051.
3
Calculate the greatest common divisor of 21222 and 122813286.
786
Calculate the greatest common factor of 666 and 45990297.
333
Calculate the greatest common divisor of 39803896 and 3082.
134
What is the highest common divisor of 259 and 6000253?
259
Calculate the highest common divisor of 4836589 and 124.
31
What is the greatest common factor of 106182350 and 10900?
5450
What is the greatest common divisor of 577749 and 6?
3
What is the greatest common divisor of 2640 and 12145485?
165
What is the highest common divisor of 68263 and 4398914?
1157
Calculate the highest common divisor of 2444832 and 720.
144
What is the greatest common factor of 1419314 and 2528?
158
Calculate the greatest common divisor of 23366735 and 1495.
115
Calculate the highest common divisor of 3895 and 806455.
95
Calculate the highest common divisor of 18596847 and 1074.
537
What is the greatest common factor of 42 and 304346?
14
Calculate the greatest common factor of 2590 and 1945645.
185
Calculate the greatest common factor of 94780 and 49421.
677
What is the greatest common factor of 672 and 3714912?
96
What is the highest common factor of 466667 and 1746?
97
What is the greatest common divisor of 73267731 and 3051?
1017
Calculate the greatest common factor of 644 and 47052964.
28
What is the highest common divisor of 1417596 and 7089?
51
What is the highest common divisor of 15022 and 50643454?
2146
What is the greatest common divisor of 29260297 and 11?
11
What is the greatest common divisor of 294 and 17565520?
98
Calculate the highest common divisor of 3364481 and 7231.
1033
Calculate the greatest common factor of 1815923 and 159137.
629
What is the greatest common divisor of 173907 and 30397?
113
Calculate the greatest common divisor of 5770 and 384019465.
2885
Calculate the highest common factor of 99294 and 118794.
78
What is the highest common divisor of 75561 and 74671?
89
Calculate the greatest common factor of 5465400 and 525.
75
What is the highest common factor of 3845 and 49221?
1
What is the greatest common divisor of 5642399 and 245?
49
Calculate the greatest common divisor of 60147788 and 8.
4
Calculate the highest common factor of 21 and 7193088.
21
What is the greatest common divisor of 529570 and 70?
10
Calculate the greatest common divisor of 817659 and 32861.
1933
What is the highest common divisor of 73263805 and 1090?
545
What is the greatest common factor of 1572 and 1682772?
12
What is the greatest common factor of 12698732 and 226375?
1811
What is the greatest common factor of 27 and 401130?
9
What is the greatest common divisor of 1058202 and 54?
18
Calculate the highest common factor of 760481433 and 54.
27
What is the highest common divisor of 2082696 and 10990?
14
Calculate the highest common divisor of 1792 and 62482.
14
What is the hig